{"id":186,"date":"2026-02-04T19:23:47","date_gmt":"2026-02-04T19:23:47","guid":{"rendered":"https:\/\/www.urfacilingirustasi.com.tr\/?page_id=186"},"modified":"2026-02-04T19:26:13","modified_gmt":"2026-02-04T19:26:13","slug":"kontak-tamirati","status":"publish","type":"page","link":"https:\/\/www.urfacilingirustasi.com.tr\/?page_id=186","title":{"rendered":"Kontak Tamirat\u0131"},"content":{"rendered":"\n<p>\u015eanl\u0131urfa genelinde kontak tamirat\u0131 ve oto anahtarc\u0131l\u0131\u011f\u0131 hizmetleri sunmaktay\u0131z. Ar\u0131zalanan, d\u00f6nmeyen, s\u0131k\u0131\u015fan veya k\u0131r\u0131lan kontaklar i\u00e7in profesyonel otomobil kontak tamiri \u00e7\u00f6z\u00fcmleri sa\u011fl\u0131yoruz. Kontak anahtar\u0131 d\u00f6nm\u00fcyorsa, anahtar kontakta tak\u0131l\u0131 kal\u0131yorsa ya da kontak kilidi kilitlenmi\u015fse uzman ekipmanlarla kontak tamirat\u0131 i\u015flemi yap\u0131l\u0131r.<\/p>\n\n\n\n<p>Her marka ve model ara\u00e7 i\u00e7in oto kontak tamiri, kontak kilidi onar\u0131m\u0131, kontak g\u00f6be\u011fi tamiri ve gerekli durumlarda kontak de\u011fi\u015fimi hizmeti verilmektedir. Kontak ar\u0131zalar\u0131 genellikle anahtar a\u015f\u0131nmas\u0131, kilit mekanizmas\u0131 bozulmas\u0131 veya i\u00e7 par\u00e7alar\u0131n zarar g\u00f6rmesi nedeniyle olu\u015fur. Bu t\u00fcr durumlarda ara\u00e7 \u00e7al\u0131\u015fmaz ve acil oto \u00e7ilingir m\u00fcdahalesi gerekir.<\/p>\n\n\n\n<p>\u015eanl\u0131urfa merkez ve il\u00e7elerinde 7\/24 kontak tamirat\u0131 hizmeti sunarak ara\u00e7 sahiplerinin ya\u015fad\u0131\u011f\u0131 ma\u011fduriyeti en k\u0131sa s\u00fcrede \u00e7\u00f6z\u00fcyoruz. Kontak tamiri i\u015flemleri s\u0131ras\u0131nda araca zarar verilmeden, mevcut sistem korunarak onar\u0131m yap\u0131l\u0131r. Gerekli durumlarda immobilizer sistemli kontak tamiri ve anahtar uyumland\u0131rma i\u015flemleri de ger\u00e7ekle\u015ftirilir.<\/p>\n\n\n\n<p>Kontak tamirat\u0131 ile birlikte oto anahtar tamiri, yedek anahtar, anahtar ekleme, kay\u0131p anahtar, kumandal\u0131 anahtar ve oto kap\u0131 a\u00e7ma hizmetleri de sunmaktay\u0131z. Kontak ar\u0131zas\u0131 ya\u015fayan ara\u00e7 sahipleri i\u00e7in hem ekonomik hem de g\u00fcvenli \u00e7\u00f6z\u00fcmler \u00fcretiyoruz.<\/p>\n\n\n\n<p>\u015eanl\u0131urfa\u2019da g\u00fcvenilir oto anahtarc\u0131, acil kontak tamiri, oto \u00e7ilingir ve ara\u00e7 kontak onar\u0131m\u0131 hizmeti ar\u0131yorsan\u0131z profesyonel destek i\u00e7in bizimle ileti\u015fime ge\u00e7ebilirsiniz.<\/p>\n\n\n\n<p><\/p>\n","protected":false},"excerpt":{"rendered":"<p>\u015eanl\u0131urfa genelinde kontak tamirat\u0131 ve oto anahtarc\u0131l\u0131\u011f\u0131 hizmetleri sunmaktay\u0131z. Ar\u0131zalanan, d\u00f6nmeyen, s\u0131k\u0131\u015fan veya k\u0131r\u0131lan kontaklar i\u00e7in profesyonel otomobil kontak tamiri \u00e7\u00f6z\u00fcmleri sa\u011fl\u0131yoruz. Kontak anahtar\u0131 d\u00f6nm\u00fcyorsa, anahtar kontakta tak\u0131l\u0131 kal\u0131yorsa ya da kontak kilidi kilitlenmi\u015fse uzman ekipmanlarla kontak tamirat\u0131 i\u015flemi yap\u0131l\u0131r. Her marka ve model ara\u00e7 i\u00e7in oto kontak tamiri, kontak kilidi onar\u0131m\u0131, kontak g\u00f6be\u011fi tamiri [&hellip;]<\/p>\n","protected":false},"author":1,"featured_media":0,"parent":0,"menu_order":0,"comment_status":"closed","ping_status":"closed","template":"","meta":{"om_disable_all_campaigns":false,"_monsterinsights_skip_tracking":false,"_monsterinsights_sitenote_active":false,"_monsterinsights_sitenote_note":"","_monsterinsights_sitenote_category":0,"_uf_show_specific_survey":0,"_uf_disable_surveys":false,"footnotes":""},"class_list":["post-186","page","type-page","status-publish","hentry"],"aioseo_notices":[],"_links":{"self":[{"href":"https:\/\/www.urfacilingirustasi.com.tr\/index.php?rest_route=\/wp\/v2\/pages\/186","targetHints":{"allow":["GET"]}}],"collection":[{"href":"https:\/\/www.urfacilingirustasi.com.tr\/index.php?rest_route=\/wp\/v2\/pages"}],"about":[{"href":"https:\/\/www.urfacilingirustasi.com.tr\/index.php?rest_route=\/wp\/v2\/types\/page"}],"author":[{"embeddable":true,"href":"https:\/\/www.urfacilingirustasi.com.tr\/index.php?rest_route=\/wp\/v2\/users\/1"}],"replies":[{"embeddable":true,"href":"https:\/\/www.urfacilingirustasi.com.tr\/index.php?rest_route=%2Fwp%2Fv2%2Fcomments&post=186"}],"version-history":[{"count":2,"href":"https:\/\/www.urfacilingirustasi.com.tr\/index.php?rest_route=\/wp\/v2\/pages\/186\/revisions"}],"predecessor-version":[{"id":208,"href":"https:\/\/www.urfacilingirustasi.com.tr\/index.php?rest_route=\/wp\/v2\/pages\/186\/revisions\/208"}],"wp:attachment":[{"href":"https:\/\/www.urfacilingirustasi.com.tr\/index.php?rest_route=%2Fwp%2Fv2%2Fmedia&parent=186"}],"curies":[{"name":"wp","href":"https:\/\/api.w.org\/{rel}","templated":true}]}}